3*v**2 - 105*v - 1. Calculate j(-12).
-37
Let p(s) = 5*s**2 - 25*s - 77. Calculate p(13).
443
Let q(t) = -2*t**2 - 926*t - 78150. What is q(-111)?
-6
Let m(w) = -14*w + 56. What is m(8)?
-56
Let h(x) = -2*x**3 - 213*x**2 - 108*x - 214. Determine h(-106).
-2
Let q(u) = 7*u**2 + 510*u + 512. Give q(-1).
9
Let s(k) = -81*k**3 - k**2 - 4*k - 3. Give s(-1).
81
Let d(b) = -4*b**2 + 40*b + 176. What is d(-4)?
-48
Let u(y) = -10*y + 256. Give u(24).
16
Let c(s) = -18*s**2 + 55*s - 83. Calculate c(6).
-401
Let i(c) = -101*c - 212. What is i(-8)?
596
Let q(j) = j**3 - 28*j**2 + 116*j - 17. What is q(23)?
6
Let j(p) = -35*p + 24. Calculate j(-7).
269
Let i(o) = -17*o**2 - 233*o + 235. Give i(1).
-15
Let r(f) = -328*f - 1737. What is r(-5)?
-97
Let l(h) = h**2 + 30*h + 165. Calculate l(-9).
-24
Let j(h) = h**2 + 4*h. Calculate j(16).
320
Let h(p) = 159*p + 57. Calculate h(-1).
-102
Let y(s) = -7*s**2 - 72*s + 16. Determine y(-10).
36
Let v(j) = 19*j**2 - 6*j + 17. Give v(3).
170
Let x(v) = -v**3 + 131*v**2 - 4*v + 546. Determine x(131).
22
Let t(h) = 9*h + 738. Determine t(-81).
9
Let i(u) = -12*u - 322. Calculate i(0).
-322
Let g(d) = -9*d**2 + 3*d + 11. Give g(-2).
-31
Let v(a) = -a**3 - 18*a**2 - 68*a + 34. Determine v(-12).
-14
Let r(h) = 2*h**2 + 26*h - 6. Determine r(-16).
90
Let m(y) = -36*y - 613. Give m(-17).
-1
Let c(p) = -p**3 - 163*p**2 + 162*p - 337. Determine c(-164).
-9
Let v(p) = 2*p**3 - 3*p**2 + p - 21. What is v(4)?
63
Let q(g) = g**3 - 97*g**2 - 106*g + 886. Give q(98).
102
Let p(b) = b**2 + 39*b + 27. Calculate p(-37).
-47
Let a(k) = -149*k + 1054. What is a(7)?
11
Let x(y) = -38*y + 1682. Determine x(45).
-28
Let t(b) = -150*b + 752. Give t(5).
2
Let o(v) = 2380*v - 42838. Determine o(18).
2
Let w(k) = -74*k - 3617. Give w(-50).
83
Let c(o) = -7*o**2 - 94*o + 194. Calculate c(2).
-22
Let t(o) = -11*o**2 - 11*o + 12. Give t(3).
-120
Let s(b) = b**2 - 56*b - 474. What is s(63)?
-33
Let r(h) = -h**3 + 31*h**2 - 225*h - 4. Calculate r(12).
32
Let n(d) = 11*d**2 + 110*d + 85. Give n(-9).
-14
Let o(p) = 20*p**2 + 44*p + 85. What is o(-2)?
77
Let b(h) = -h**2 - 103*h + 1496. Calculate b(13).
-12
Let t(q) = 11*q**3 - 3*q**2 + 7*q - 5. Determine t(1).
10
Let b(n) = -12*n + 494. Determine b(38).
38
Let i(z) = z - 302. Calculate i(-4).
-306
Let y(v) = 18*v**3 - 863*v**2 - 64*v + 778. Give y(48).
10
Let d(r) = 12*r - 472. Calculate d(48).
104
Let r(m) = 3*m**3 - 558*m**2 + 5. Give r(186).
5
Let j(m) = 286*m**2 - 4001*m - 7. What is j(14)?
35
Let s(d) = -d**3 + 4*d**2 + 20*d + 6. Determine s(7).
-1
Let o(m) = -m**3 - 16*m**2 - 53*m - 46. Determine o(-12).
14
Let x(l) = 116*l + 6373. Calculate x(-55).
-7
Let p(w) = -10*w**3 + 220*w**2 + w. Give p(22).
22
Let y(r) = r**2 + 27*r + 90. Calculate y(-4).
-2
Let u(q) = -q**3 - 3*q**2 - 94*q - 399. Determine u(-4).
-7
Let y(l) = 11*l - 484. Determine y(46).
22
Let r(h) = -2*h**2 + 246*h + 2087. What is r(-8)?
-9
Let r(t) = 2*t**2 + 64*t - 194. What is r(-34)?
-58
Let q(x) = -20*x**2 + 457*x + 133. Give q(23).
64
Let a(l) = -10*l**3 + 343*l**2 + 685*l - 1. Give a(-2).
81
Let t(l) = l**3 - 10*l**2 + 15*l - 5. Calculate t(8).
-13
Let i(b) = 16*b - 122. What is i(-10)?
-282
Let o(w) = 162*w - 10530. Give o(65).
0
Let x(f) = -4*f**2 + 5*f + 106. Determine x(0).
106
Let u(q) = 5*q**3 + q**2 + 70*q - 149. Give u(2).
35
Let d(s) = -s**3 - 40*s**2 + 283*s + 104. Calculate d(-46).
-218
Let y(t) = -247*t - 754. What is y(-3)?
-13
Let u(m) = -46*m - 86. Give u(-4).
98
Let q(n) = -n**3 + 16*n - 50. Calculate q(3).
-29
Let z(a) = 3*a**3 - 57*a**2 - 27*a + 80. What is z(20)?
740
Let j(f) = f**3 + 26*f**2 + 59*f + 266. What is j(-24)?
2
Let d(y) = -y**3 + y**2 + 17*y + 15. Calculate d(-1).
0
Let a(d) = -d**3 - 28*d**2 + 89*d - 163. What is a(-31)?
-39
Let t(p) = -2*p**2 - p + 21. Calculate t(-4).
-7
Let a(f) = f**2 + 107*f + 2519. Give a(-52).
-341
Let j(n) = 3*n**2 + 76*n - 40. Determine j(-26).
12
Let d(l) = l**3 - 15*l**2 - 7*l + 117. What is d(15)?
12
Let d(j) = 11*j**2 + 250*j + 18. Determine d(-21).
-381
Let j(f) = 7*f**3 + 3*f**2 + 14*f - 3. Determine j(-2).
-75
Let t(a) = a**3 + 25*a**2 + 26*a + 21. What is t(-24)?
-27
Let h(p) = -p**3 - 25*p**2 + 125*p + 232. Give h(-29).
-29
Let i(b) = 6*b + 83. What is i(-15)?
-7
Let a(c) = c**3 - 12*c**2 - 95*c - 2. Calculate a(-7).
-268
Let g(j) = -21*j**3 + 18*j - 34. Give g(2).
-166
Let r(m) = 40*m - 97. Give r(1).
-57
Let l(i) = -i**3 - 9*i**2 - 14*i + 16. Calculate l(-7).
16
Let l(h) = 2*h**3 - 6*h**2 - 30*h + 77. Give l(3).
-13
Let g(o) = -o**2 - 516*o - 18601. Calculate g(-39).
2
Let c(r) = 6*r**3 - 4*r**2 + 39*r + 40. Calculate c(-1).
-9
Let r(y) = -2*y**3 - 25*y**2 + 14*y + 22. Give r(-13).
9
Let c(r) = -3*r**2 - 5*r - 6. What is c(8)?
-238
Let b(m) = -487*m - 29220. What is b(-60)?
0
Let c(u) = -6*u**2 - 23*u - 93. Calculate c(-5).
-128
Let q(f) = -7*f**3 + 2*f**2 + 760*f + 759. Calculate q(-1).
8
Let t(o) = o**3 + 72*o**2 + 333*o - 135. Give t(-67).
-1
Let l(m) = -m**2 + 47*m + 650. Give l(58).
12
Let r(q) = q**3 - 5*q**2 - 56*q + 260. Calculate r(6).
-40
Let g(z) = -4*z + 39. Calculate g(-9).
75
Let w(k) = -k**3 + 7*k**2 + 301*k - 2353. Determine w(8).
-9
Let o(f) = -f - 303. Determine o(-12).
-291
Let a(d) = 4*d**2 - 7*d - 9. Give a(2).
-7
Let j(p) = 73*p + 4890. What is j(-67)?
-1
Let t(r) = 15*r - 108. Determine t(9).
27
Let p(u) = -u**2 - 19*u - 29. What is p(-5)?
41
Let w(h) = 2*h**2 - 174*h + 15. Give w(0).
15
Let p(u) = -17*u - 30. What is p(2)?
-64
Let n(g) = -g**3 + 92*g**2 + 7*g - 346. Give n(92).
298
Let u(m) = 6*m + 45. Determine u(-21).
-81
Let s(j) = -66*j**2 - 121*j - 351. Give s(-3).
-582
Let a(v) = -v**2 + 26*v + 280. Determine a(-8).
8
Let d(o) = 4670*o - 74707. Give d(16).
13
Let h(n) = n**3 - 82*n**2 + 70*n + 881. Calculate h(81).
-10
Let t(n) = 4*n**2 + 31*n - 28. Determine t(-9).
17
Let l(n) = -1695*n + 6656. Determine l(4).
-124
Let y(z) = z**3 - 5*z**2 - 35*z + 126. What is y(3)?
3
Let b(l) = -7*l**3 + 6*l**2 + 2*l + 1. Calculate b(-4).
537
Let x(n) = 2*n**3 - 38*n**2 + 35*n - 40. Determine x(18).
-58
Let q(p) = 12*p**3 - 7*p**2 - 24*p - 8. Determine q(-3).
-323
Let j(f) = -2*f**2 + 2170*f - 17240. Determine j(8).
-8
Let g(d) = -d**2 + 52*d - 43. What is g(50)?
57
Let g(v) = v**2 + 43*v + 450. What is g(-20)?
-10
Let y(k) = -k**3 - 40*k**2 - 55*k - 635. What is y(-39)?
-11
Let c(y) = -19526*y - 39053. Give c(-2).
-1
Let p(h) = h**3 + 66*h**2 - 146*h - 675. Determine p(-68).
5
Let x(b) = b**3 - 86*b**2 - 132*b + 3910. What is x(87)?
-5
Let f(a) = a**2 + a - 296. Determine f(17).
10
Let a(q) = q**3 + 100*q**2 - 415*q + 91. What is a(-104)?
-13
Let x(r) = r**2 - 110*r - 26. What is x(0)?
-26
Let s(t) = -8*t**2 - 238*t - 376. Determine s(-28).
16
Let w(j) = 214*j - 3710. Give w(17).
-72
Let n(i) = -11*i**3 + 29*i**2 + 2*i - 26. What is n(3)?
-56
Let y(d) = d**2 + 9508*d - 66625. What is y(7)?
-20
Let h(i) = 4*i + 42. Calculate h(23).
134
Let d(b) = 4*b**3 - 41*b**2 - 21*b + 38. What is d(10)?
-272
Let y(c) = -c**3 + 32*c**2 - 69*c + 282. Calculate y(30).
12
Let j(i) = -23*i - 963. Give j(-41).
-20
Let z(l) = 2*l**3 + 4*l**2 - 2*l - 10. Give z(-2).
-6
Let s(i) = 346*i + 5872. Determine s(-17).
-10
Let s(c) = -81*c - 2831. Calculate s(-35).
4
Let v(j) = 5*j**2 + 46*j - 343. Give v(-15).
92
Let r(b) = 7*b**3 - 34*b**2 + 3*b - 28. Calculate r(5).
12
Let j(f) = -30*f + 319. Determine j(12).
-41
Let b(n) = -n**3 + 9*n**2 - 26*n + 154. Calculate b(8).
10
Let s(b) = b**2 + 185*b - 142379. What is s(296)?
-3
Let z(b) = 5*b - 228. Calculate z(53).
37
Let u(f) = -2*f**2 - 337*f + 1729. Give u(5).
-6
Let a(y) = -17*y**2 - 651*y + 474. What is a(-39)?
6
Let p(a) = -926*a - 1860. Determine p(-2).
-8
Let z(r) = 14*r**2 - 562*r + 52. Give z(40).
-28
Let v(j) = -290*j + 328. Give v(3).
-542
Let f(z) = z**3 - 32*z**2 + 84*z + 38. Calculate f(29).
-49
Let p(y) = -y**3 + y**2 + 611*y - 283. Determine p(25).
-8
Let j(z) = -436*z - 60582. What is j(-139)?
22
Let u(t) = t**3 - 40*t**2 + 4*t - 86. Determine u(40).
74
Let z(n) = -24*n**2 + 583*n - 49. What is z(24)?
119
Let t(q) = -q - 9. What is t(30)?
-39
Let g(v) = v**2 - 18*v + 75. Determine g(8).
-5
Let f(a) = -5*a**2 + 116*a + 243. What is f(-2)?
-9
Let o(l) = 4*l**2 - 80*l + 70. What is o(19)?
-6
Let o(k) 